?
59
Calculate the remainder when 119 is divided by 86.
33
Calculate the remainder when 64 is divided by 32.
0
Calculate the remainder when 250 is divided by 26.
16
What is the remainder when 338 is divided by 108?
14
What is the remainder when 99 is divided by 51?
48
What is the remainder when 283 is divided by 26?
23
What is the remainder when 167 is divided by 25?
17
What is the remainder when 1983 is divided by 1979?
4
What is the remainder when 1337 is divided by 149?
145
What is the remainder when 1328 is divided by 190?
188
Calculate the remainder when 86 is divided by 11.
9
What is the remainder when 5856 is divided by 487?
12
Calculate the remainder when 525 is divided by 49.
35
What is the remainder when 1023 is divided by 103?
96
Calculate the remainder when 72 is divided by 68.
4
What is the remainder when 410 is divided by 106?
92
Calculate the remainder when 679 is divided by 19.
14
Calculate the remainder when 13489 is divided by 19.
18
What is the remainder when 100 is divided by 75?
25
What is the remainder when 1022 is divided by 146?
0
What is the remainder when 8278 is divided by 36?
34
What is the remainder when 153 is divided by 64?
25
Calculate the remainder when 206 is divided by 11.
8
What is the remainder when 1452 is divided by 54?
48
What is the remainder when 1978 is divided by 90?
88
Calculate the remainder when 1738 is divided by 35.
23
What is the remainder when 405 is divided by 24?
21
What is the remainder when 1964 is divided by 15?
14
Calculate the remainder when 2771 is divided by 19.
16
Calculate the remainder when 68 is divided by 46.
22
Calculate the remainder when 968 is divided by 204.
152
What is the remainder when 252 is divided by 43?
37
Calculate the remainder when 106 is divided by 45.
16
Calculate the remainder when 602 is divided by 151.
149
Calculate the remainder when 99 is divided by 78.
21
Calculate the remainder when 8785 is divided by 87.
85
What is the remainder when 994 is divided by 66?
4
Calculate the remainder when 7838 is divided by 16.
14
Calculate the remainder when 8582 is divided by 116.
114
What is the remainder when 522 is divided by 105?
102
Calculate the remainder when 104 is divided by 29.
17
Calculate the remainder when 2297 is divided by 46.
43
Calculate the remainder when 1246 is divided by 210.
196
Calculate the remainder when 100 is divided by 26.
22
Calculate the remainder when 425 is divided by 27.
20
Calculate the remainder when 583 is divided by 572.
11
Calculate the remainder when 702 is divided by 200.
102
Calculate the remainder when 7897 is divided by 100.
97
What is the remainder when 2489 is divided by 6?
5
Calculate the remainder when 275 is divided by 12.
11
What is the remainder when 685 is divided by 27?
10
What is the remainder when 178 is divided by 3?
1
Calculate the remainder when 333 is divided by 27.
9
What is the remainder when 212 is divided by 36?
32
What is the remainder when 10275 is divided by 6?
3
What is the remainder when 689 is divided by 336?
17
What is the remainder when 488 is divided by 144?
56
What is the remainder when 513 is divided by 12?
9
Calculate the remainder when 39 is divided by 18.
3
What is the remainder when 572 is divided by 58?
50
What is the remainder when 356 is divided by 20?
16
What is the remainder when 179 is divided by 18?
17
What is the remainder when 114 is divided by 56?
2
Calculate the remainder when 1385 is divided by 285.
245
Calculate the remainder when 1420 is divided by 73.
33
Calculate the remainder when 5637 is divided by 20.
17
Calculate the remainder when 1119 is divided by 35.
34
Calculate the remainder when 163 is divided by 21.
16
What is the remainder when 11 is divided by 11?
0
Calculate the remainder when 717 is divided by 321.
75
What is the remainder when 240 is divided by 11?
9
What is the remainder when 584 is divided by 573?
11
What is the remainder when 29013 is divided by 13?
10
What is the remainder when 153 is divided by 7?
6
What is the remainder when 10163 is divided by 95?
93
What is the remainder when 8034 is divided by 8?
2
Calculate the remainder when 127 is divided by 44.
39
What is the remainder when 287 is divided by 39?
14
Calculate the remainder when 1459 is divided by 182.
3
What is the remainder when 69 is divided by 20?
9
Calculate the remainder when 569 is divided by 26.
23
Calculate the remainder when 65 is divided by 22.
21
What is the remainder when 696 is divided by 19?
12
Calculate the remainder when 188 is divided by 58.
14
Calculate the remainder when 8583 is divided by 74.
73
Calculate the remainder when 3596 is divided by 710.
46
Calculate the remainder when 7389 is divided by 14.
11
Calculate the remainder when 368 is divided by 12.
8
Calculate the remainder when 4672 is divided by 19.
17
Calculate the remainder when 243 is divided by 14.
5
What is the remainder when 700 is divided by 37?
34
What is the remainder when 1321 is divided by 334?
319
What is the remainder when 789 is divided by 8?
5
What is the remainder when 74 is divided by 15?
14
What is the remainder when 33 is divided by 4?
1
What is the remainder when 1032 is divided by 115?
112
What is the remainder when 628 is divided by 30?
28
Calculate the remainder when 714 is divided by 12.
6
What is the remainder when 11590 is divided by 184?
182
Calculate the remainder when 156 is divided by 43.
27
What is the remainder when 2630 is divided by 292?
2
What is the remainder when 59 is divided by 23?
13
Calculate the remainder when 10210 is divided by 15.
10
What is the remainder when 25529 is divided by 11?
9
Calculate the remainder when 102 is divided by 53.
49
Calculate the remainder when 2627 is divided by 8.
3
What is the remainder when 6 is divided by 6?
0
What is the remainder when 465 is divided by 229?
7
What is the remainder when 108 is divided by 22?
20
What is the remainder when 147 is divided by 3?
0
What is the remainder when 20 is divided by 12?
8
What is the remainder when 5937 is divided by 27?
24
Calculate the remainder when 1528 is divided by 15.
13
What is the remainder when 150 is divided by 146?
4
What is the remainder when 241 is divided by 87?
67
What is the remainder when 218 is divided by 25?
18
What is the remainder when 307 is divided by 44?
43
What is the remainder when 34 is divided by 11?
1
Calculate the remainder when 349 is divided by 77.
41
What is the remainder when 3224 is divided by 75?
74
Calculate the remainder when 909 is divided by 14.
13
What is the remainder when 322 is divided by 19?
18
Calculate the remainder when 1485 is divided by 1477.
8
What is the remainder when 215 is divided by 9?
8
What is the remainder when 96 is divided by 20?
16
Calculate the remainder when 579 is divided by 144.
3
Calculate the remainder when 359 is divided by 12.
11
Calculate the remainder when 35 is divided by 21.
14
Calculate the remainder when 104 is divided by 13.
0
Calculate the remainder when 14209 is divided by 35.
34
What is the remainder when 711 is divided by 117?
9
Calculate the remainder when 188 is divided by 20.
8
What is the remainder when 155 is divided by 109?
46
What is the remainder when 624 is divided by 88?
8
Calculate the remainder when 157 is divided by 19.
5
Calculate the remainder when 1109 is divided by 66.
53
What is the remainder when 353 is divided by 114?
11
What is the remainder when 719 is divided by 35?
19
What is the remainder when 113 is divided by 36?
5
What is the remainder when 77 is divided by 5?
2
Calculate the remainder when 1837 is divided by 92.
89
What is the remainder when 7640 is divided by 954?
8
Calculate the remainder when 311 is divided by 23.
12
What is the remainder when 76 is divided by 76?
0
What is the remainder when 397 is divided by 59?
43
Calculate the remainder when 3518 is divided by 153.
152
Calculate the remainder when 7070 is divided by 39.
11
Calculate the remainder when 495 is divided by 215.
65
Calculate the remainder when 52 is divided by 13.
0
Calculate the remainder when 3810 is divided by 154.
114
What is the remainder when 197 is divided by 66?
65
Calculate the remainder when 463 is divided by 30.
13
What is the remainder when 322 is divided by 82?
76
Calculate the remainder when 264 is divided by 78.
30
Cal